{"id":29086,"date":"2026-03-10T09:50:52","date_gmt":"2026-03-10T09:50:52","guid":{"rendered":"https:\/\/srmtradingcorporation.com\/?post_type=product&#038;p=29086"},"modified":"2026-03-10T09:51:27","modified_gmt":"2026-03-10T09:51:27","slug":"blood-sugar-machine-25-pieces-strip","status":"publish","type":"product","link":"https:\/\/srmtradingcorporation.com\/?product=blood-sugar-machine-25-pieces-strip","title":{"rendered":"Blood Sugar Machine 25 Pieces Strip"},"content":{"rendered":"<p>Blood Sugar Machine 25 Pieces Strip<\/p>\n<blockquote><p><strong>Selfie-G \u00e0\u00a6\u008f\u00e0\u00a6\u00b0 \u00e0\u00a6\u00b8\u00e0\u00a7\u0081\u00e0\u00a6\u00ac\u00e0\u00a6\u00bf\u00e0\u00a6\u00a7\u00e0\u00a6\u00be \u00e0\u00a6\u00b8\u00e0\u00a6\u00ae\u00e0\u00a7\u201a\u00e0\u00a6\u00b9\u00e0\u00a6\u0192\u00c2<\/strong><\/p><\/blockquote>\n<ul>\n<li><strong>Selfie-G\u00c2\u00a0<\/strong>\u00e0\u00a6\u00a4\u00e0\u00a6\u00be\u00e0\u00a6\u2021\u00e0\u00a6\u201c\u00e0\u00a6\u00af\u00e0\u00a6\u00bc\u00e0\u00a6\u00be\u00e0\u00a6\u00a8\u00e0\u00a7\u2021\u00e0\u00a6\u00b0 \u00e0\u00a6\u0178\u00e0\u00a7\u2021\u00e0\u00a6\u2022\u00e0\u00a6\u00a8\u00e0\u00a7\u2039\u00e0\u00a6\u00b2\u00e0\u00a6\u0153\u00e0\u00a6\u00bf \u00e0\u00a6\u00a4\u00e0\u00a7\u02c6\u00e0\u00a6\u00b0\u00e0\u00a6\u00bf \u00e0\u00a6\u00b9\u00e0\u00a6\u201c\u00e0\u00a7\u0178\u00e0\u00a6\u00be\u00e0\u00a7\u0178\u00c2 \u00e0\u00a6\u00ae\u00e0\u00a7\u2021\u00e0\u00a6\u00b6\u00e0\u00a6\u00bf\u00e0\u00a6\u00a8\u00e0\u00a6\u0178\u00e0\u00a6\u00bf \u00e0\u00a6\u00a6\u00e0\u00a7\u20ac\u00e0\u00a6\u00b0\u00e0\u00a7\u008d\u00e0\u00a6\u02dc\u00e0\u00a6\u00a6\u00e0\u00a6\u00bf\u00e0\u00a6\u00a8 \u00e0\u00a6\u00af\u00e0\u00a6\u00be\u00e0\u00a6\u00ac\u00e0\u00a6\u00a4 \u00e0\u00a6\u00a4\u00e0\u00a7\u008d\u00e0\u00a6\u00b0\u00e0\u00a7\u0081\u00e0\u00a6\u0178\u00e0\u00a6\u00bf \u00e0\u00a6\u00ac\u00e0\u00a6\u00bf\u00e0\u00a6\u00b9\u00e0\u00a7\u20ac\u00e0\u00a6\u00a8\u00e0\u00a6\u00ad\u00e0\u00a6\u00be\u00e0\u00a6\u00ac\u00e0\u00a7\u2021 \u00e0\u00a6\u2020\u00e0\u00a6\u00aa\u00e0\u00a6\u00a8\u00e0\u00a6\u00be\u00e0\u00a6\u00b0 \u00e0\u00a6\u00b8\u00e0\u00a7\u0081\u00e0\u00a6\u2014\u00e0\u00a6\u00be\u00e0\u00a6\u00b0\u00e0\u00a7\u2021\u00e0\u00a6\u00b0 \u00e0\u00a6\u00b2\u00e0\u00a7\u2021\u00e0\u00a6\u00ad\u00e0\u00a7\u2021\u00e0\u00a6\u00b2 \u00e0\u00a6\u00a8\u00e0\u00a6\u00bf\u00e0\u00a6\u00b0\u00e0\u00a7\u008d\u00e0\u00a6\u00a3\u00e0\u00a6\u00af\u00e0\u00a6\u00bc \u00e0\u00a6\u2022\u00e0\u00a6\u00b0\u00e0\u00a7\u2021 \u00e0\u00a6\u00a5\u00e0\u00a6\u00be\u00e0\u00a6\u2022\u00e0\u00a7\u2021\u00e0\u00a5\u00a4<\/li>\n<li><strong>Selfie-G \u00e0\u00a6\u00a6\u00e0\u00a6\u00bf\u00e0\u00a6\u00af\u00e0\u00a6\u00bc\u00e0\u00a7\u2021 \u00e0\u00a6\u00a1\u00e0\u00a6\u00be\u00e0\u00a6\u00af\u00e0\u00a6\u00bc\u00e0\u00a6\u00be\u00e0\u00a6\u00ac\u00e0\u00a7\u2021\u00e0\u00a6\u0178\u00e0\u00a6\u00bf\u00e0\u00a6\u00b8\u00c2\u00a0<\/strong>\u00e0\u00a6\u00b8\u00e0\u00a6\u00b9\u00e0\u00a6\u0153\u00e0\u00a7\u2021 \u00e0\u00a6\u00a8\u00e0\u00a6\u00bf\u00e0\u00a6\u00b0\u00e0\u00a7\u008d\u00e0\u00a6\u00a3\u00e0\u00a6\u00af\u00e0\u00a6\u00bc \u00e0\u00a6\u2022\u00e0\u00a6\u00b0\u00e0\u00a6\u00be \u00e0\u00a6\u00af\u00e0\u00a6\u00be\u00e0\u00a7\u0178 \u00e0\u00a6\u00ac\u00e0\u00a6\u00b2\u00e0\u00a7\u2021, \u00e0\u00a6\u00af\u00e0\u00a7\u2021 \u00e0\u00a6\u2022\u00e0\u00a7\u2039\u00e0\u00a6\u00a8 \u00e0\u00a6\u00ac\u00e0\u00a6\u00af\u00e0\u00a6\u00bc\u00e0\u00a6\u00b8\u00e0\u00a7\u2021\u00e0\u00a6\u00b0 \u00e0\u00a6\u008f\u00e0\u00a6\u00ac\u00e0\u00a6\u201a \u00e0\u00a6\u00af\u00e0\u00a7\u2021 \u00e0\u00a6\u2022\u00e0\u00a7\u2039\u00e0\u00a6\u00a8 \u00e0\u00a6\u00b6\u00e0\u00a7\u008d\u00e0\u00a6\u00b0\u00e0\u00a7\u2021\u00e0\u00a6\u00a3\u00e0\u00a7\u20ac\u00e0\u00a6\u00b0 \u00e0\u00a6\u00b2\u00e0\u00a7\u2039\u00e0\u00a6\u2022 \u00e0\u00a6\u2013\u00e0\u00a7\u0081\u00e0\u00a6\u00ac \u00e0\u00a6\u00b8\u00e0\u00a6\u00b9\u00e0\u00a6\u0153\u00e0\u00a7\u2021\u00e0\u00a6\u2021 \u00e0\u00a6\u00a8\u00e0\u00a6\u00bf\u00e0\u00a6\u0153\u00e0\u00a7\u2021\u00e0\u00a6\u2021 \u00e0\u00a6\u00a8\u00e0\u00a6\u00bf\u00e0\u00a6\u0153\u00e0\u00a7\u2021\u00e0\u00a6\u00b0 \u00e0\u00a6\u00a1\u00e0\u00a6\u00be\u00e0\u00a6\u00af\u00e0\u00a6\u00bc\u00e0\u00a6\u00be\u00e0\u00a6\u00ac\u00e0\u00a7\u2021\u00e0\u00a6\u0178\u00e0\u00a6\u00bf\u00e0\u00a6\u00b8 \u00e0\u00a6\u00aa\u00e0\u00a6\u00b0\u00e0\u00a7\u20ac\u00e0\u00a6\u2022\u00e0\u00a7\u008d\u00e0\u00a6\u00b7\u00e0\u00a6\u00be \u00e0\u00a6\u2022\u00e0\u00a6\u00b0\u00e0\u00a6\u00a4\u00e0\u00a7\u2021 \u00e0\u00a6\u00b8\u00e0\u00a6\u2022\u00e0\u00a7\u008d\u00e0\u00a6\u00b7\u00e0\u00a6\u00ae\u00e0\u00a5\u00a4<\/li>\n<li><strong>Selfie-G \u00e0\u00a6\u00ae\u00e0\u00a7\u2021\u00e0\u00a6\u00b6\u00e0\u00a6\u00bf\u00e0\u00a6\u00a8\u00e0\u00a6\u0178\u00e0\u00a6\u00bf\u00e0\u00a6\u00a4\u00e0\u00a7\u2021 \u00e0\u00a6\u00ac\u00e0\u00a7\u008d\u00e0\u00a6\u00af\u00e0\u00a6\u00ac\u00e0\u00a6\u00b9\u00e0\u00a6\u00be\u00e0\u00a6\u00b0 \u00e0\u00a6\u2022\u00e0\u00a6\u00b0\u00e0\u00a6\u00be \u00e0\u00a6\u00b9\u00e0\u00a7\u0178 \u00e0\u00a6\u2030\u00e0\u00a6\u0161\u00e0\u00a7\u008d\u00e0\u00a6\u0161 \u00e0\u00a6\u00ae\u00e0\u00a6\u00be\u00e0\u00a6\u00a8 \u00e0\u00a6\u00b8\u00e0\u00a6\u00ae\u00e0\u00a7\u008d\u00e0\u00a6\u00aa\u00e0\u00a7\u201a\u00e0\u00a6\u00b0\u00e0\u00a7\u008d\u00e0\u00a6\u00a3 \u00e0\u00a6\u00ac\u00e0\u00a7\u008d\u00e0\u00a6\u00af\u00e0\u00a6\u00be\u00e0\u00a6\u0178\u00e0\u00a6\u00be\u00e0\u00a6\u00b0\u00e0\u00a6\u00bf, \u00e0\u00a6\u00a4\u00e0\u00a6\u00be\u00e0\u00a6\u2021 \u00e0\u00a6\u008f\u00e0\u00a6\u2022\u00e0\u00a6\u0178\u00e0\u00a6\u00bf \u00e0\u00a6\u00ac\u00e0\u00a7\u008d\u00e0\u00a6\u00af\u00e0\u00a6\u00be\u00e0\u00a6\u0178\u00e0\u00a6\u00be\u00e0\u00a6\u00b0\u00e0\u00a6\u00bf \u00e0\u00a6\u00a6\u00e0\u00a6\u00bf\u00e0\u00a6\u00af\u00e0\u00a6\u00bc\u00e0\u00a7\u2021 \u00e0\u00a6\u2026\u00e0\u00a6\u00a8\u00e0\u00a7\u2021\u00e0\u00a6\u2022\u00e0\u00a6\u00ac\u00e0\u00a6\u00be\u00e0\u00a6\u00b0 \u00e0\u00a6\u0178\u00e0\u00a7\u2021\u00e0\u00a6\u00b8\u00e0\u00a7\u008d\u00e0\u00a6\u0178 \u00e0\u00a6\u2022\u00e0\u00a6\u00b0\u00e0\u00a6\u00be \u00e0\u00a6\u00af\u00e0\u00a6\u00be\u00e0\u00a6\u00af\u00e0\u00a6\u00bc\u00e0\u00a5\u00a4<\/strong><\/li>\n<li>\u00e0\u00a6\u00aa\u00e0\u00a6\u00a3\u00e0\u00a7\u008d\u00e0\u00a6\u00af\u00e0\u00a6\u0178\u00e0\u00a6\u00bf \u00e0\u00a6\u2022\u00e0\u00a7\u2021\u00e0\u00a6\u00a8\u00e0\u00a6\u00be\u00e0\u00a6\u00b0 \u00e0\u00a6\u2020\u00e0\u00a6\u2014\u00e0\u00a7\u2021 \u00e0\u00a6\u2020\u00e0\u00a6\u00ae\u00e0\u00a6\u00be\u00e0\u00a6\u00a6\u00e0\u00a7\u2021\u00e0\u00a6\u00b0 \u00e0\u00a6\u00a6\u00e0\u00a7\u2021\u00e0\u00a6\u201c\u00e0\u00a6\u00af\u00e0\u00a6\u00bc\u00e0\u00a6\u00be \u00e0\u00a6\u00ad\u00e0\u00a6\u00bf\u00e0\u00a6\u00a1\u00e0\u00a6\u00bf\u00e0\u00a6\u201c\u00e0\u00a6\u0178\u00e0\u00a6\u00bf \u00e0\u00a6\u00ad\u00e0\u00a6\u00be\u00e0\u00a6\u00b2\u00e0\u00a7\u2039 \u00e0\u00a6\u2022\u00e0\u00a6\u00b0\u00e0\u00a7\u2021 \u00e0\u00a6\u00a6\u00e0\u00a7\u2021\u00e0\u00a6\u2013\u00e0\u00a7\u2021 \u00e0\u00a6\u00a8\u00e0\u00a6\u00bf\u00e0\u00a6\u00a8\u00e0\u00a5\u00a4<\/li>\n<\/ul>\n<blockquote><p><strong>Selfie-G\u00c2\u00a0<\/strong>\u00e0\u00a6\u00ae\u00e0\u00a7\u2021\u00e0\u00a6\u00b6\u00e0\u00a6\u00bf\u00e0\u00a6\u00a8\u00e0\u00a6\u0178\u00e0\u00a6\u00bf\u00e0\u00a6\u00b0 \u00e0\u00a6\u00b8\u00e0\u00a6\u00be\u00e0\u00a6\u00a5\u00e0\u00a7\u2021 \u00e0\u00a6\u2022\u00e0\u00a6\u00bf \u00e0\u00a6\u2022\u00e0\u00a6\u00bf \u00e0\u00a6\u00a5\u00e0\u00a6\u00be\u00e0\u00a6\u2022\u00e0\u00a6\u00a4\u00e0\u00a7\u2021\u00e0\u00a6\u203a\u00e0\u00a7\u2021\u00e0\u00a6\u0192<\/p><\/blockquote>\n<ul>\n<li>\u00e0\u00a6\u008f\u00e0\u00a6\u2022\u00e0\u00a6\u0178\u00e0\u00a6\u00bf \u00e0\u00a6\u00b8\u00e0\u00a7\u0081\u00e0\u00a6\u00a8\u00e0\u00a7\u008d\u00e0\u00a6\u00a6\u00e0\u00a6\u00b0 \u00e0\u00a6\u00ac\u00e0\u00a6\u00bf\u00e0\u00a6\u00a6\u00e0\u00a7\u2021\u00e0\u00a6\u00b6\u00e0\u00a7\u20ac \u00e0\u00a6\u00aa\u00e0\u00a7\u008d\u00e0\u00a6\u00af\u00e0\u00a6\u00be\u00e0\u00a6\u2022\u00e0\u00a7\u2021\u00e0\u00a6\u0153\u00e0\u00a6\u00bf\u00e0\u00a6\u201a\u00e0\u00a6\u00af\u00e0\u00a6\u00bc\u00e0\u00a7\u2021\u00e0\u00a6\u00b0 \u00e0\u00a6\u00ae\u00e0\u00a6\u00be\u00e0\u00a6\u00a7\u00e0\u00a7\u008d\u00e0\u00a6\u00af\u00e0\u00a6\u00ae\u00e0\u00a7\u2021 \u00e0\u00a6\u00a1\u00e0\u00a6\u00be\u00e0\u00a6\u00af\u00e0\u00a6\u00bc\u00e0\u00a6\u00be\u00e0\u00a6\u00ac\u00e0\u00a7\u2021\u00e0\u00a6\u0178\u00e0\u00a6\u00bf\u00e0\u00a6\u00b8 \u00e0\u00a6\u00a8\u00e0\u00a6\u00bf\u00e0\u00a6\u00b0\u00e0\u00a7\u008d\u00e0\u00a6\u00a3\u00e0\u00a6\u00af\u00e0\u00a6\u00bc\u00e0\u00a7\u2021\u00e0\u00a6\u00b0\u00c2\u00a0<strong>Selfie-G\u00c2\u00a0<\/strong>\u00e0\u00a6\u00ae\u00e0\u00a7\u2021\u00e0\u00a6\u00b6\u00e0\u00a6\u00bf\u00e0\u00a6\u00a8<\/li>\n<li><strong>Selfie-G \u00e0\u00a6\u00ae\u00e0\u00a7\u2021\u00e0\u00a6\u00b6\u00e0\u00a6\u00bf\u00e0\u00a6\u00a8\u00e0\u00a7\u2021\u00e0\u00a6\u00b0 \u00e0\u00a6\u00b8\u00e0\u00a6\u00be\u00e0\u00a6\u00a5\u00e0\u00a7\u2021<\/strong>\u00c2 \u00e0\u00a6\u00a5\u00e0\u00a6\u00be\u00e0\u00a6\u2022\u00e0\u00a6\u203a\u00e0\u00a7\u2021 \u00e0\u00a6\u00a6\u00e0\u00a6\u00b6\u00e0\u00a6\u0178\u00e0\u00a6\u00bf \u00e0\u00a6\u00b8\u00e0\u00a7\u008d\u00e0\u00a6\u0178\u00e0\u00a7\u008d\u00e0\u00a6\u00b0\u00e0\u00a6\u00bf\u00e0\u00a6\u00aa<\/li>\n<li>\u00e0\u00a6\u008f\u00e0\u00a6\u2022\u00e0\u00a6\u0178\u00e0\u00a6\u00bf \u00e0\u00a6\u00b8\u00e0\u00a7\u0081\u00e0\u00a6\u00a8\u00e0\u00a7\u008d\u00e0\u00a6\u00a6\u00e0\u00a6\u00b0 \u00e0\u00a6\u00ae\u00e0\u00a7\u2039\u00e0\u00a6\u00a1\u00e0\u00a6\u00bc\u00e0\u00a6\u2022 \u00e0\u00a6\u008f\u00e0\u00a6\u00b0 \u00e0\u00a6\u00ae\u00e0\u00a6\u00be\u00e0\u00a6\u00a7\u00e0\u00a7\u008d\u00e0\u00a6\u00af\u00e0\u00a6\u00ae\u00e0\u00a7\u2021 \u00e0\u00a6\u00a6\u00e0\u00a6\u00b6\u00e0\u00a6\u0178\u00e0\u00a6\u00bf \u00e0\u00a6\u00ac\u00e0\u00a7\u008d\u00e0\u00a6\u00b2\u00e0\u00a6\u00be\u00e0\u00a6\u00a1 \u00e0\u00a6\u00b2\u00e0\u00a6\u00be\u00e0\u00a6\u00a8\u00e0\u00a6\u203a\u00e0\u00a7\u2021\u00e0\u00a6\u0178<\/li>\n<li>\u00e0\u00a6\u008f\u00e0\u00a6\u2022\u00e0\u00a6\u0178\u00e0\u00a6\u00bf push \u00e0\u00a6\u2014\u00e0\u00a6\u00be\u00e0\u00a6\u00a8<\/li>\n<\/ul>\n<p>\u00e0\u00a6\u00af\u00e0\u00a7\u2021\u00e0\u00a6\u2022\u00e0\u00a7\u2039\u00e0\u00a6\u00a8\u00e0\u00a7\u2039 \u00e0\u00a6\u00ac\u00e0\u00a6\u00bf\u00e0\u00a6\u00b7\u00e0\u00a6\u00af\u00e0\u00a6\u00bc\u00e0\u00a7\u2021 \u00e0\u00a6\u2020\u00e0\u00a6\u00ae\u00e0\u00a6\u00be\u00e0\u00a6\u00a6\u00e0\u00a7\u2021\u00e0\u00a6\u00b0 \u00e0\u00a6\u00b8\u00e0\u00a6\u00be\u00e0\u00a6\u00a5\u00e0\u00a7\u2021 \u00e0\u00a6\u00af\u00e0\u00a7\u2039\u00e0\u00a6\u2014\u00e0\u00a6\u00be\u00e0\u00a6\u00af\u00e0\u00a7\u2039\u00e0\u00a6\u2014 \u00e0\u00a6\u2022\u00e0\u00a6\u00b0\u00e0\u00a6\u00a4\u00e0\u00a7\u2021 \u00e0\u00a6\u00aa\u00e0\u00a6\u00be\u00e0\u00a6\u00b0\u00e0\u00a7\u2021\u00e0\u00a6\u00a8\u00e0\u00a6\u0192 \u00e0\u00a7\u00ae\u00e0\u00a7\u00ae\u00e0\u00a7\u00a6\u00e0\u00a7\u00a7\u00e0\u00a7\u00ae\u00e0\u00a7\u00a9\u00e0\u00a7\u00a7\u00e0\u00a7\u00a6\u00e0\u00a7\u00a7\u00e0\u00a7\u00ac\u00e0\u00a7\u00ad\u00e0\u00a7\u00a8\u00e0\u00a7\u00a6<\/p>\n","protected":false},"excerpt":{"rendered":"<blockquote><p><strong>Blood Sugar Testing Machine<\/strong><\/p><\/blockquote>\n<ul>\n<li>brand: Self-G<\/li>\n<li>Strips : 25 Pieces<\/li>\n<li>Country of Origin : Taiwan<\/li>\n<li>Made in :Taiwan<\/li>\n<\/ul>\n","protected":false},"featured_media":29149,"template":"","meta":[],"product_brand":[],"product_cat":[2973],"product_tag":[],"class_list":{"0":"post-29086","1":"product","2":"type-product","3":"status-publish","4":"has-post-thumbnail","6":"product_cat-medical-equipment","8":"first","9":"instock","10":"sale","11":"shipping-taxable","12":"purchasable","13":"product-type-simple"},"_links":{"self":[{"href":"https:\/\/srmtradingcorporation.com\/index.php?rest_route=\/wp\/v2\/product\/29086","targetHints":{"allow":["GET"]}}],"collection":[{"href":"https:\/\/srmtradingcorporation.com\/index.php?rest_route=\/wp\/v2\/product"}],"about":[{"href":"https:\/\/srmtradingcorporation.com\/index.php?rest_route=\/wp\/v2\/types\/product"}],"wp:featuredmedia":[{"embeddable":true,"href":"https:\/\/srmtradingcorporation.com\/index.php?rest_route=\/wp\/v2\/media\/29149"}],"wp:attachment":[{"href":"https:\/\/srmtradingcorporation.com\/index.php?rest_route=%2Fwp%2Fv2%2Fmedia&parent=29086"}],"wp:term":[{"taxonomy":"product_brand","embeddable":true,"href":"https:\/\/srmtradingcorporation.com\/index.php?rest_route=%2Fwp%2Fv2%2Fproduct_brand&post=29086"},{"taxonomy":"product_cat","embeddable":true,"href":"https:\/\/srmtradingcorporation.com\/index.php?rest_route=%2Fwp%2Fv2%2Fproduct_cat&post=29086"},{"taxonomy":"product_tag","embeddable":true,"href":"https:\/\/srmtradingcorporation.com\/index.php?rest_route=%2Fwp%2Fv2%2Fproduct_tag&post=29086"}],"curies":[{"name":"wp","href":"https:\/\/api.w.org\/{rel}","templated":true}]}}